{"id":5376,"date":"2025-10-08T17:41:15","date_gmt":"2025-10-08T16:41:15","guid":{"rendered":"https:\/\/sartoriatelier.com\/?post_type=product&#038;p=5376"},"modified":"2026-04-03T11:56:55","modified_gmt":"2026-04-03T10:56:55","slug":"braguita-vesta-talle-alto-encaje-frances","status":"publish","type":"product","link":"https:\/\/sartoriatelier.com\/es\/shop\/lenceria\/braguita\/braguita-vesta-talle-alto-encaje-frances\/","title":{"rendered":"Braga Vesta en encaje Franc\u00e9s negro"},"content":{"rendered":"<p class=\"ds-markdown-paragraph\">Inspirada en Vesta, la diosa romana del hogar y del fuego sagrado, esta pieza rinde homenaje al poder silencioso y constante que habita en cada mujer.<\/p>\n<p class=\"ds-markdown-paragraph\">Su esencia se traduce en el dise\u00f1o: suave, firme y poderosa en su quietud.\nLa cintura alta moldea con delicadeza y sostiene sin oprimir, mientras el corte de las piernas estiliza y realza la forma natural del cuerpo.<\/p>\n<p data-start=\"932\" data-end=\"1197\">Hecha en <strong data-start=\"945\" data-end=\"991\">delicado Encaje Franc\u00e9s,<\/strong>combina sujeci\u00f3n y ligereza, logrando un equilibrio perfecto entre comodidad y sofisticaci\u00f3n. Disponible en color Negro, un cl\u00e1sico, o en un tono hermoso Rojo Cereza, elegante e intenso<\/p>\n<p data-start=\"1199\" data-end=\"1411\">Cada Vesta se elabora en mi <strong data-start=\"1231\" data-end=\"1252\">atelier en Barcelona,<\/strong>con cuidado, intenci\u00f3n y respeto por la forma y el ritmo de cada cuerpo.<\/p>\n<p data-start=\"1199\" data-end=\"1411\">Lleva la Vesta como un ritual personal \u2014 un recordatorio diario de que el verdadero poder se encuentra en la confianza serena y en el placer sagrado de sentirte impecablemente t\u00fa.<\/p>\n<p><!-- notionvc: 33bf3e50-4b37-4982-a5f1-e41d9c4ef020 --><\/p>","protected":false},"excerpt":{"rendered":"<p class=\"ds-markdown-paragraph\"><strong>Sofisiticaci\u00f3n pura<\/strong><\/p>\n<p class=\"ds-markdown-paragraph\">Braguita de encaje franc\u00e9s con cintura alta que realza y sostiene con sutileza. Inspirada en la fuerza tranquila del fuego interior.<\/p>\n<p><!-- notionvc: 91410e49-d126-4175-adf5-113b38628adc --><\/p>\n<p><!-- notionvc: 9e60e8a5-f48f-42ea-a14a-4923e7e2da3c --><\/p>","protected":false},"featured_media":5652,"comment_status":"open","ping_status":"closed","template":"","meta":{"_joinchat":[]},"product_brand":[],"product_cat":[91],"product_tag":[222,183,172,200],"class_list":{"0":"post-5376","1":"product","2":"type-product","3":"status-publish","4":"has-post-thumbnail","6":"product_cat-bottom","7":"product_tag-atelier-collection","8":"product_tag-black","9":"product_tag-french-lace","10":"product_tag-high-waisted","12":"first","13":"instock","14":"taxable","15":"shipping-taxable","16":"purchasable","17":"product-type-simple"},"aioseo_notices":[],"_links":{"self":[{"href":"https:\/\/sartoriatelier.com\/es\/wp-json\/wp\/v2\/product\/5376","targetHints":{"allow":["GET"]}}],"collection":[{"href":"https:\/\/sartoriatelier.com\/es\/wp-json\/wp\/v2\/product"}],"about":[{"href":"https:\/\/sartoriatelier.com\/es\/wp-json\/wp\/v2\/types\/product"}],"replies":[{"embeddable":true,"href":"https:\/\/sartoriatelier.com\/es\/wp-json\/wp\/v2\/comments?post=5376"}],"wp:featuredmedia":[{"embeddable":true,"href":"https:\/\/sartoriatelier.com\/es\/wp-json\/wp\/v2\/media\/5652"}],"wp:attachment":[{"href":"https:\/\/sartoriatelier.com\/es\/wp-json\/wp\/v2\/media?parent=5376"}],"wp:term":[{"taxonomy":"product_brand","embeddable":true,"href":"https:\/\/sartoriatelier.com\/es\/wp-json\/wp\/v2\/product_brand?post=5376"},{"taxonomy":"product_cat","embeddable":true,"href":"https:\/\/sartoriatelier.com\/es\/wp-json\/wp\/v2\/product_cat?post=5376"},{"taxonomy":"product_tag","embeddable":true,"href":"https:\/\/sartoriatelier.com\/es\/wp-json\/wp\/v2\/product_tag?post=5376"}],"curies":[{"name":"wp","href":"https:\/\/api.w.org\/{rel}","templated":true}]}}

Braga Vesta en encaje Francés negro

<p class="ds-markdown-paragraph">Inspirada en Vesta, la diosa romana del hogar y del fuego sagrado, esta pieza rinde homenaje al poder silencioso y constante que habita en cada mujer.</p>
<p class="ds-markdown-paragraph">Su esencia se traduce en el diseño: suave, firme y poderosa en su quietud.
La cintura alta moldea con delicadeza y sostiene sin oprimir, mientras el corte de las piernas estiliza y realza la forma natural del cuerpo.</p>
<p data-start="932" data-end="1197">Hecha en <strong data-start="945" data-end="991">delicado Encaje Francés,</strong>combina sujeción y ligereza, logrando un equilibrio perfecto entre comodidad y sofisticación. Disponible en color Negro, un clásico, o en un tono hermoso Rojo Cereza, elegante e intenso</p>
<p data-start="1199" data-end="1411">Cada Vesta se elabora en mi <strong data-start="1231" data-end="1252">atelier en Barcelona,</strong>con cuidado, intención y respeto por la forma y el ritmo de cada cuerpo.</p>
<p data-start="1199" data-end="1411">Lleva la Vesta como un ritual personal — un recordatorio diario de que el verdadero poder se encuentra en la confianza serena y en el placer sagrado de sentirte impecablemente tú.</p>
<p><!-- notionvc: 33bf3e50-4b37-4982-a5f1-e41d9c4ef020 --></p>

<p class="ds-markdown-paragraph"><strong>Sofisiticación pura</strong></p>
<p class="ds-markdown-paragraph">Braguita de encaje francés con cintura alta que realza y sostiene con sutileza. Inspirada en la fuerza tranquila del fuego interior.</p>
<p><!-- notionvc: 91410e49-d126-4175-adf5-113b38628adc --></p>
<p><!-- notionvc: 9e60e8a5-f48f-42ea-a14a-4923e7e2da3c --></p>
